{"id":727,"date":"2011-07-29T20:05:26","date_gmt":"2011-07-29T20:05:26","guid":{"rendered":"http:\/\/alainbriand.com\/site\/?page_id=727"},"modified":"2019-04-14T19:51:56","modified_gmt":"2019-04-14T19:51:56","slug":"gainerie","status":"publish","type":"page","link":"https:\/\/alainbriand.com\/site\/atelier\/gainerie\/","title":{"rendered":"Gainerie"},"content":{"rendered":"<p><!--:de--><\/p>\n<div><\/div>\n<p>\u00c9tui \u00e0 calice en bois ga\u00een\u00e9 en chagrin vert bouteille.<\/p>\n<p>Int\u00e9rieur en agneau velours rouge rubis.<!--:--><!--:it--><\/p>\n<p><!--:--><!--:zh--><a href=\"http:\/\/alainbriand.com\/site\/wp-content\/uploads\/2011\/07\/P10100012.jpg\"><img loading=\"lazy\" decoding=\"async\" title=\"OLYMPUS DIGITAL CAMERA\" src=\"http:\/\/alainbriand.com\/site\/wp-content\/uploads\/2011\/07\/P10100012-300x225.jpg\" alt=\"\" width=\"300\" height=\"225\" \/><\/a>\u00a0<a href=\"http:\/\/alainbriand.com\/site\/wp-content\/uploads\/2011\/07\/P1010002.jpg\"><img loading=\"lazy\" decoding=\"async\" title=\"OLYMPUS DIGITAL CAMERA\" src=\"http:\/\/alainbriand.com\/site\/wp-content\/uploads\/2011\/07\/P1010002-300x225.jpg\" alt=\"\" width=\"300\" height=\"225\" \/><\/a><!--:--><\/p>\n","protected":false},"excerpt":{"rendered":"<p>\u00c9tui \u00e0 calice en bois ga\u00een\u00e9 en chagrin vert bouteille. Int\u00e9rieur en agneau velours rouge rubis. \u00a0<\/p>\n","protected":false},"author":2,"featured_media":0,"parent":9,"menu_order":11,"comment_status":"open","ping_status":"open","template":"","meta":{"footnotes":""},"class_list":["post-727","page","type-page","status-publish","hentry"],"_links":{"self":[{"href":"https:\/\/alainbriand.com\/site\/wp-json\/wp\/v2\/pages\/727","targetHints":{"allow":["GET"]}}],"collection":[{"href":"https:\/\/alainbriand.com\/site\/wp-json\/wp\/v2\/pages"}],"about":[{"href":"https:\/\/alainbriand.com\/site\/wp-json\/wp\/v2\/types\/page"}],"author":[{"embeddable":true,"href":"https:\/\/alainbriand.com\/site\/wp-json\/wp\/v2\/users\/2"}],"replies":[{"embeddable":true,"href":"https:\/\/alainbriand.com\/site\/wp-json\/wp\/v2\/comments?post=727"}],"version-history":[{"count":10,"href":"https:\/\/alainbriand.com\/site\/wp-json\/wp\/v2\/pages\/727\/revisions"}],"predecessor-version":[{"id":2070,"href":"https:\/\/alainbriand.com\/site\/wp-json\/wp\/v2\/pages\/727\/revisions\/2070"}],"up":[{"embeddable":true,"href":"https:\/\/alainbriand.com\/site\/wp-json\/wp\/v2\/pages\/9"}],"wp:attachment":[{"href":"https:\/\/alainbriand.com\/site\/wp-json\/wp\/v2\/media?parent=727"}],"curies":[{"name":"wp","href":"https:\/\/api.w.org\/{rel}","templated":true}]}}