{"id":151,"date":"2010-09-07T16:26:37","date_gmt":"2010-09-07T16:26:37","guid":{"rendered":"http:\/\/alainbriand.com\/site\/?page_id=151"},"modified":"2018-10-06T17:42:36","modified_gmt":"2018-10-06T17:42:36","slug":"agenda","status":"publish","type":"page","link":"https:\/\/alainbriand.com\/site\/atelier\/agenda\/","title":{"rendered":"Agenda"},"content":{"rendered":"<p><!--:de--><\/p>\n<p><!--:--><!--:fr-->Artiste : Yves Duranthon<\/p>\n<p>Fabriqu\u00e9 sur commande d&rsquo;apr\u00e8s l&rsquo;esp\u00e9rance de vie de l&rsquo;acheteur.<\/p>\n<p>Reliure pleine toile noire. Titre or sur le premier plat.<\/p>\n<p>Format : 21 x 32 cm. Epaisseur : variable selon l&rsquo;\u00e2ge&#8230;<\/p>\n<p><a href=\"http:\/\/alainbriand.com\/site\/wp-content\/uploads\/2010\/03\/P1010015_1.jpg\"><img loading=\"lazy\" decoding=\"async\" class=\"alignnone size-large wp-image-37\" title=\"P1010015_1\" src=\"http:\/\/alainbriand.com\/site\/wp-content\/uploads\/2010\/03\/P1010015_1-1024x768.jpg\" alt=\"\" width=\"470\" height=\"352\" srcset=\"https:\/\/alainbriand.com\/site\/wp-content\/uploads\/2010\/03\/P1010015_1-1024x768.jpg 1024w, https:\/\/alainbriand.com\/site\/wp-content\/uploads\/2010\/03\/P1010015_1-300x225.jpg 300w, https:\/\/alainbriand.com\/site\/wp-content\/uploads\/2010\/03\/P1010015_1.jpg 2048w\" sizes=\"auto, (max-width: 470px) 100vw, 470px\" \/><\/a><!--:--><!--:it--><\/p>\n","protected":false},"excerpt":{"rendered":"<p>Artiste : Yves Duranthon Fabriqu\u00e9 sur commande d&rsquo;apr\u00e8s l&rsquo;esp\u00e9rance de vie de l&rsquo;acheteur. Reliure pleine toile noire. Titre or sur le premier plat. Format :&hellip; <\/p>\n","protected":false},"author":2,"featured_media":37,"parent":9,"menu_order":12,"comment_status":"open","ping_status":"open","template":"","meta":{"footnotes":""},"class_list":["post-151","page","type-page","status-publish","has-post-thumbnail","hentry"],"_links":{"self":[{"href":"https:\/\/alainbriand.com\/site\/wp-json\/wp\/v2\/pages\/151","targetHints":{"allow":["GET"]}}],"collection":[{"href":"https:\/\/alainbriand.com\/site\/wp-json\/wp\/v2\/pages"}],"about":[{"href":"https:\/\/alainbriand.com\/site\/wp-json\/wp\/v2\/types\/page"}],"author":[{"embeddable":true,"href":"https:\/\/alainbriand.com\/site\/wp-json\/wp\/v2\/users\/2"}],"replies":[{"embeddable":true,"href":"https:\/\/alainbriand.com\/site\/wp-json\/wp\/v2\/comments?post=151"}],"version-history":[{"count":18,"href":"https:\/\/alainbriand.com\/site\/wp-json\/wp\/v2\/pages\/151\/revisions"}],"predecessor-version":[{"id":2013,"href":"https:\/\/alainbriand.com\/site\/wp-json\/wp\/v2\/pages\/151\/revisions\/2013"}],"up":[{"embeddable":true,"href":"https:\/\/alainbriand.com\/site\/wp-json\/wp\/v2\/pages\/9"}],"wp:featuredmedia":[{"embeddable":true,"href":"https:\/\/alainbriand.com\/site\/wp-json\/wp\/v2\/media\/37"}],"wp:attachment":[{"href":"https:\/\/alainbriand.com\/site\/wp-json\/wp\/v2\/media?parent=151"}],"curies":[{"name":"wp","href":"https:\/\/api.w.org\/{rel}","templated":true}]}}