{"id":1325,"date":"2013-03-16T10:33:30","date_gmt":"2013-03-16T10:33:30","guid":{"rendered":"http:\/\/alainbriand.com\/site\/?page_id=1325"},"modified":"2019-04-14T19:46:28","modified_gmt":"2019-04-14T19:46:28","slug":"exposition-a-lhotel-gouin-avril-2011","status":"publish","type":"page","link":"https:\/\/alainbriand.com\/site\/revue-de-presse\/exposition-a-lhotel-gouin-avril-2011\/","title":{"rendered":"Exposition \u00e0 l&rsquo;H\u00f4tel Go\u00fcin, Avril 2011"},"content":{"rendered":"<p><!--:--><!--:fr--><strong>Catalogue de l&rsquo;exposition<\/strong> :<\/p>\n<p><a href=\"http:\/\/alainbriand.com\/site\/wp-content\/uploads\/2013\/03\/hotelgouin20111.jpg\"><img loading=\"lazy\" decoding=\"async\" class=\"alignnone size-full wp-image-1326\" src=\"http:\/\/alainbriand.com\/site\/wp-content\/uploads\/2013\/03\/hotelgouin20111.jpg\" alt=\"hotelgouin20111\" width=\"406\" height=\"580\" srcset=\"https:\/\/alainbriand.com\/site\/wp-content\/uploads\/2013\/03\/hotelgouin20111.jpg 406w, https:\/\/alainbriand.com\/site\/wp-content\/uploads\/2013\/03\/hotelgouin20111-210x300.jpg 210w\" sizes=\"auto, (max-width: 406px) 100vw, 406px\" \/><\/a><\/p>\n<p><a href=\"http:\/\/alainbriand.com\/site\/wp-content\/uploads\/2013\/03\/hotelgouin20112.jpg\"><img loading=\"lazy\" decoding=\"async\" class=\"alignnone size-full wp-image-1327\" src=\"http:\/\/alainbriand.com\/site\/wp-content\/uploads\/2013\/03\/hotelgouin20112.jpg\" alt=\"hotelgouin20112\" width=\"790\" height=\"573\" srcset=\"https:\/\/alainbriand.com\/site\/wp-content\/uploads\/2013\/03\/hotelgouin20112.jpg 790w, https:\/\/alainbriand.com\/site\/wp-content\/uploads\/2013\/03\/hotelgouin20112-300x217.jpg 300w\" sizes=\"auto, (max-width: 790px) 100vw, 790px\" \/><\/a><\/p>\n<p><strong>Courrier de Marisol Touraine, pr\u00e9sidente du Conseil G\u00e9n\u00e9ral d&rsquo;Indre-et-Loire <\/strong>\u00a0:<a href=\"http:\/\/alainbriand.com\/site\/wp-content\/uploads\/2013\/03\/hotelgouin20113.jpg\"><img loading=\"lazy\" decoding=\"async\" class=\"alignnone size-full wp-image-1328\" src=\"http:\/\/alainbriand.com\/site\/wp-content\/uploads\/2013\/03\/hotelgouin20113.jpg\" alt=\"hotelgouin20113\" width=\"573\" height=\"797\" srcset=\"https:\/\/alainbriand.com\/site\/wp-content\/uploads\/2013\/03\/hotelgouin20113.jpg 573w, https:\/\/alainbriand.com\/site\/wp-content\/uploads\/2013\/03\/hotelgouin20113-215x300.jpg 215w\" sizes=\"auto, (max-width: 573px) 100vw, 573px\" \/><\/a><\/p>\n<p><span style=\"text-decoration: underline;\"><strong>M\u00e9tiers 37<\/strong><\/span>, 2011 :<a href=\"http:\/\/alainbriand.com\/site\/wp-content\/uploads\/2013\/03\/metiers372011.jpg\"><img loading=\"lazy\" decoding=\"async\" class=\"alignnone size-full wp-image-1343\" src=\"http:\/\/alainbriand.com\/site\/wp-content\/uploads\/2013\/03\/metiers372011.jpg\" alt=\"metiers372011\" width=\"556\" height=\"290\" srcset=\"https:\/\/alainbriand.com\/site\/wp-content\/uploads\/2013\/03\/metiers372011.jpg 556w, https:\/\/alainbriand.com\/site\/wp-content\/uploads\/2013\/03\/metiers372011-300x156.jpg 300w\" sizes=\"auto, (max-width: 556px) 100vw, 556px\" \/><\/a><!--:--><!--:it--><!--:--><\/p>\n","protected":false},"excerpt":{"rendered":"<p>Catalogue de l&rsquo;exposition : Courrier de Marisol Touraine, pr\u00e9sidente du Conseil G\u00e9n\u00e9ral d&rsquo;Indre-et-Loire \u00a0: M\u00e9tiers 37, 2011 :<\/p>\n","protected":false},"author":2,"featured_media":0,"parent":1236,"menu_order":7,"comment_status":"open","ping_status":"open","template":"","meta":{"footnotes":""},"class_list":["post-1325","page","type-page","status-publish","hentry"],"_links":{"self":[{"href":"https:\/\/alainbriand.com\/site\/wp-json\/wp\/v2\/pages\/1325","targetHints":{"allow":["GET"]}}],"collection":[{"href":"https:\/\/alainbriand.com\/site\/wp-json\/wp\/v2\/pages"}],"about":[{"href":"https:\/\/alainbriand.com\/site\/wp-json\/wp\/v2\/types\/page"}],"author":[{"embeddable":true,"href":"https:\/\/alainbriand.com\/site\/wp-json\/wp\/v2\/users\/2"}],"replies":[{"embeddable":true,"href":"https:\/\/alainbriand.com\/site\/wp-json\/wp\/v2\/comments?post=1325"}],"version-history":[{"count":9,"href":"https:\/\/alainbriand.com\/site\/wp-json\/wp\/v2\/pages\/1325\/revisions"}],"predecessor-version":[{"id":2065,"href":"https:\/\/alainbriand.com\/site\/wp-json\/wp\/v2\/pages\/1325\/revisions\/2065"}],"up":[{"embeddable":true,"href":"https:\/\/alainbriand.com\/site\/wp-json\/wp\/v2\/pages\/1236"}],"wp:attachment":[{"href":"https:\/\/alainbriand.com\/site\/wp-json\/wp\/v2\/media?parent=1325"}],"curies":[{"name":"wp","href":"https:\/\/api.w.org\/{rel}","templated":true}]}}