{"id":128,"date":"2010-08-27T14:05:08","date_gmt":"2010-08-27T14:05:08","guid":{"rendered":"http:\/\/alainbriand.com\/site\/?page_id=128"},"modified":"2019-04-14T18:09:07","modified_gmt":"2019-04-14T18:09:07","slug":"128-2","status":"publish","type":"page","link":"https:\/\/alainbriand.com\/site\/livres-objets\/128-2\/","title":{"rendered":"Des livres et nous"},"content":{"rendered":"<p><!--:de--><\/p>\n<p><!--:--><!--:fr-->Mini-livre dos carr\u00e9 coll\u00e9 en toile, ferm\u00e9 par un maillon de cha\u00eene \u00ab\u00a0attache rapide\u00a0\u00bb. 5 cm x 5 cm&#8230; environ ! Tir\u00e9 \u00e0 10 exemplaires, num\u00e9rot\u00e9s de 1 \u00e0 10. Tirage de t\u00eate r\u00e9alis\u00e9 avec un cadenas \u00e0 combinaison (rouge).<\/p>\n<p><a href=\"http:\/\/alainbriand.com\/site\/wp-content\/uploads\/2010\/07\/P1010021.jpg\"><img loading=\"lazy\" decoding=\"async\" class=\"alignnone size-large wp-image-99\" title=\"P1010021\" src=\"http:\/\/alainbriand.com\/site\/wp-content\/uploads\/2010\/07\/P1010021-768x1024.jpg\" alt=\"\" width=\"470\" height=\"626\" srcset=\"https:\/\/alainbriand.com\/site\/wp-content\/uploads\/2010\/07\/P1010021-768x1024.jpg 768w, https:\/\/alainbriand.com\/site\/wp-content\/uploads\/2010\/07\/P1010021-225x300.jpg 225w, https:\/\/alainbriand.com\/site\/wp-content\/uploads\/2010\/07\/P1010021.jpg 1536w\" sizes=\"auto, (max-width: 470px) 100vw, 470px\" \/><\/a><\/p>\n<p>Pour \u00e9viter d&rsquo;\u00eatre encore une fois le dernier maillon de la cha\u00eene des arts graphiques, nous avons pris la libert\u00e9 de r\u00e9aliser ces \u00ab\u00a0petits formats\u00a0\u00bb avec nos simples menottes.<!--:--><!--:it--><\/p>\n<p><!--:--><!--:zh--><br \/>\n<!--:--><\/p>\n","protected":false},"excerpt":{"rendered":"<p>Mini-livre dos carr\u00e9 coll\u00e9 en toile, ferm\u00e9 par un maillon de cha\u00eene \u00ab\u00a0attache rapide\u00a0\u00bb. 5 cm x 5 cm&#8230; environ ! Tir\u00e9 \u00e0 10 exemplaires,&hellip; <\/p>\n","protected":false},"author":2,"featured_media":0,"parent":187,"menu_order":10,"comment_status":"open","ping_status":"open","template":"","meta":{"footnotes":""},"class_list":["post-128","page","type-page","status-publish","hentry"],"_links":{"self":[{"href":"https:\/\/alainbriand.com\/site\/wp-json\/wp\/v2\/pages\/128","targetHints":{"allow":["GET"]}}],"collection":[{"href":"https:\/\/alainbriand.com\/site\/wp-json\/wp\/v2\/pages"}],"about":[{"href":"https:\/\/alainbriand.com\/site\/wp-json\/wp\/v2\/types\/page"}],"author":[{"embeddable":true,"href":"https:\/\/alainbriand.com\/site\/wp-json\/wp\/v2\/users\/2"}],"replies":[{"embeddable":true,"href":"https:\/\/alainbriand.com\/site\/wp-json\/wp\/v2\/comments?post=128"}],"version-history":[{"count":19,"href":"https:\/\/alainbriand.com\/site\/wp-json\/wp\/v2\/pages\/128\/revisions"}],"predecessor-version":[{"id":2041,"href":"https:\/\/alainbriand.com\/site\/wp-json\/wp\/v2\/pages\/128\/revisions\/2041"}],"up":[{"embeddable":true,"href":"https:\/\/alainbriand.com\/site\/wp-json\/wp\/v2\/pages\/187"}],"wp:attachment":[{"href":"https:\/\/alainbriand.com\/site\/wp-json\/wp\/v2\/media?parent=128"}],"curies":[{"name":"wp","href":"https:\/\/api.w.org\/{rel}","templated":true}]}}